
3
Suppose -210 = -2*t - 2*i, 354 = 5*t - 3*i - 179. Suppose 4*w + 0*w - t = -f, 3*f = w - 20. Calculate the remainder when 203 is divided by w.
21
Let l be (10980/27)/((-2)/(-108)). What is the remainder when l/50 - 2/10 is divided by 26?
23
Let u be (-22)/(-12) + (-12)/(-72) + -2. Suppose -2*i = -u*i + x - 3, 3*x = 5*i - 35. Calculate the remainder when i is divided by 2.
0
Let f(c) = c**2 - 4*c - 11. Let v be f(6). Let k be (v - (-84)/9)*3. What is the remainder when 107 is divided by -4 + (-3 - -3) + k?
26
Let z(c) = -195 + 404 - 203 + 3*c. What is the remainder when 76 is divided by z(11)?
37
Let j(h) = 553*h**2 + 55*h - 162. Calculate the remainder when j(3) is divided by 106.
104
Let w = 4566 + -4429. Calculate the remainder when 787 is divided by w.
102
Let q = -13753 + 14032. What is the remainder when q is divided by 215?
64
Suppose 0 = -12*q + 23*q - 1309. Calculate the remainder when q is divided by 4 + (-1)/((-3)/18).
9
Suppose 6*n = 16*n. Suppose q + 265 + 71 = n. What is the remainder when (-10)/(-4)*(q/(-15) - 2) is divided by 9?
6
Suppose 2*y - 266 = -4*m, -4*y + 212 = -m + 4*m. What is the remainder when 210 is divided by m?
18
Let a be 596/11 - 4/22. Suppose -3*t - 3*g = -210, -3*t - 4*g + 46 = -163. Let v = t - a. Calculate the remainder when v is divided by 5.
2
Let h = -52 - -49. Let t(b) = -b**3 + 6*b**2 + 4*b - 4. Let u be t(h). Let p = u - 47. Calculate the remainder when p is divided by 10.
8
Let c(k) = 12 + 5*k - 48 + 159 - 43 + 168. What is the remainder when 182 is divided by c(-45)?
21
Let z(a) = -8*a + 74. Let t be z(-2). Suppose 3*i - t = -5*j + 76, -3*i - j + 182 = 0. Calculate the remainder when i is divided by 35.
27
Suppose 103 - 43 = 4*v. Let p(x) = x**2. Let w be p(0). Suppose -11*t + 13*t - 56 = w. Calculate the remainder when t is divided by v.
13
Let t = 8057 - 7046. What is the remainder when t is divided by 5?
1
Let l(i) = -489*i - 3357. What is the remainder when 800 is divided by l(-7)?
8
Let o be (2/6)/(3/9). Suppose -o = i - 8. What is the remainder when 687/21 + (-4)/(-14) is divided by i?
5
Suppose -20*a - 4 = -21*a. Suppose a*y + 3*t - 193 = -y, 4*y + 3*t = 152. What is the remainder when y is divided by 11?
8
Let g(k) = 38 + 17*k - 69*k + 16*k. Calculate the remainder when g(-16) is divided by 77.
75
Let q = 9656 - 9369. Calculate the remainder when 428 is divided by q.
141
Let p be -2 + -1 + 1 + -16. Let f = 19 + p. Let s(w) = 18*w - 3. Calculate the remainder when 29 is divided by s(f).
14
Suppose -117 = -2*c - c. Let y(k) = k**2 - 46*k - 747. Calculate the remainder when c is divided by y(-13).
19
Let v be 249/18*-22 + (-10)/(-30). Let l = v - -483. What is the remainder when l is divided by ((-6)/4)/(2/(-20))?
14
Suppose -85497*p - 33258 = -85520*p. What is the remainder when p is divided by 147?
123
Let m(k) = 5*k**2 + k + 3. Suppose 4*t = 42765 - 42713. What is the remainder when m(3) is divided by t?
12
Let i(l) = -6*l - 10. Let j be i(-2). Suppose 9*u - 427 = j*u. Calculate the remainder when u is divided by 15.
1
Let c(q) be the third derivative of -q**5/60 + 7*q**4/12 - 4*q**3/3 - q**2 - 88. What is the remainder when c(6) is divided by 15?
10
Let n be (-1)/(5/2 - 3). Suppose n*w - 51 - 129 = 0. Suppose -3*l + 138 = -w. Calculate the remainder when l is divided by 26.
24
Suppose 0 = -a + 5*k - 37, -4*k = a + k - 3. Let c = -9 - a. What is the remainder when (-14 - -478)/16 + (8 - 0) is divided by c?
5
Let z = 9083 - 8978. What is the remainder when 121 is divided by z?
16
Let t(p) = 4*p**2 + 4*p - 16. Let h be t(3). Suppose -3*l = -q + h, -q - 3*l = -0*l - 8. What is the remainder when 41 is divided by q?
1
Suppose 0 = 40*z - 11209 + 2649. Calculate the remainder when 1073 is divided by z.
3
Suppose -2*w + 0*w = 2, -2*u - 3*w + 421 = 0. Let v = -188 + u. Calculate the remainder when 1/(-4) - 569/(-4) is divided by v.
22
Let a = -73 - -76. Suppose 0 = -a*b + 6*b + 654. What is the remainder when b/(-8) + 51/68 is divided by 15?
13
Suppose 4*i - 1134 = -130. Calculate the remainder when i is divided by (-3 - -2)*-37 + -1.
35
Suppose 69595 = 11*u + 14*u + 18320. What is the remainder when u is divided by 26?
23
Let s = -2796 + 3607. What is the remainder when s is divided by 19?
13
Suppose -361*f + 1127184 = 252789 - 388744. Calculate the remainder when f is divided by 20.
19
Let x = 5951 + -5886. Calculate the remainder when 206 is divided by x.
11
Suppose 46 = 17*i - 15*i. Let k = 64 - i. Calculate the remainder when k is divided by 7.
6
Suppose -38*q - 39224 = -52232 - 112772. What is the remainder when q is divided by 48?
46
What is the remainder when 21900/42 + -5 + 68/119 is divided by 88?
77
What is the remainder when -87*(-6)/(-4)*((-576)/27 - 14) is divided by 71?
67
Suppose -607*r - 366*r + 31637 + 67038 = -67708. Let x = 25 - -3. Calculate the remainder when r is divided by x.
3
Let x be (-28)/10*(-1)/1*5. Suppose 47 = 2*g + 3*f, 0*g + 89 = 4*g + f. What is the remainder when -2 + 65 - (x - 14) is divided by g?
19
Let j be (-4 - -2)*(450/(-4) + 3). Suppose -o + y = -2*o + j, -y = 4*o - 861. Calculate the remainder when o is divided by 72.
70
Let m(q) = -q**3 - 12*q**2 + 29*q + 61. What is the remainder when m(-14) is divided by 8 + 4/10*5?
7
Suppose 0 = 5*q - 2*g - 351, -5*g = -2*q + 30 + 81. Calculate the remainder when q is divided by (-4)/10 + 174/10.
5
Suppose 23*s - 10*s - 26 = 0. Suppose 3*q - s*a = 31, q = -3*q + 5*a + 39. Calculate the remainder when q is divided by 7.
4
Calculate the remainder when 4215 is divided by (8/(-7))/2*(-228 + 11).
123
Let u be 1*(-2 + 10/(-2)). Let c = u + 112. What is the remainder when c is divided by 11?
6
Suppose 0 = 2*i + 2*p - 2284, 46*i - 3419 = 43*i - 2*p. Calculate the remainder when i is divided by 285.
280
Suppose -25*m - 236 - 139 = 0. What is the remainder when 505 is divided by 54/m + 4 + 2115/25?
80
Let z = 1159 - 1131. Suppose 41 + 79 = 15*k. What is the remainder when z is divided by k?
4
Let f(u) = 12*u**3 + 6*u**2 - 3*u - 12. Let p be f(-2). Let m = p - -86. Suppose 4*o = 0, 4*h - 50 - 34 = -4*o. Calculate the remainder when h is divided by m.
5
Suppose -29*u - 84 = -23*u - 18*u. Calculate the remainder when 300 is divided by u.
6
Let f be 3/8 - (-2 - (-34878)/(-48)). Suppose 726*a = f*a - 207. What is the remainder when a is divided by 9?
6
What is the remainder when 690 is divided by 3/(6/2502*9)?
134
Suppose d + 486 = -3*h + 1428, 5*h - 1570 = -d. Calculate the remainder when h is divided by 32.
26
Let q(x) = 40*x**2 + 125*x - 11. Calculate the remainder when q(-4) is divided by 44.
41
Suppose 721 = -5*c - 9. Let d = -143 - c. Calculate the remainder when 2/4*42/1 is divided by d.
0
Suppose 115*l - 23055 = 201*l - 101*l. Calculate the remainder when l is divided by 22.
19
Let m = 20 - 17. What is the remainder when 356 is divided by m*(28/12 - 2) - -50?
50
Suppose -u + 16 = -3*r + 2, -3*u = 5*r - 56. Let w = -279 - -92. Calculate the remainder when u is divided by (-7 - (-3)/1) + w/(-11).
4
Suppose 4*k - 344 = -2*p + 196, 2*p - 538 = -5*k. Calculate the remainder when p is divided by 90.
4
Let m = 26688 - 26667. What is the remainder when 3775 is divided by m?
16
Let x(p) = 8*p + 9. Let u(a) = -19*a - 19. Let d(z) = 2*u(z) + 5*x(z). What is the remainder when 194 is divided by d(0)?
5
Suppose 17*m = 20*m + 5*c - 270, -c = -2*m + 167. Let i = 54 - 35. Calculate the remainder when m is divided by i.
9
Suppose 56 = -9*c + 20. Let o be (26/c - -4)*-2. Suppose o*j + 390 = 11*j. What is the remainder when j is divided by 18?
11
Suppose 81*h + 161*h + 28*h - 50490 = 0. What is the remainder when 539 is divided by h?
165
Suppose -12 = -3*x, 2*x - 809 = -5*s + x. Let k = 64 + s. What is the remainder when k is divided by 12?
9
Let f(r) = -3*r**3 - 76*r**2 - 25*r + 15. Let m be f(-25). Calculate the remainder when 91 + (-12 + m)*8/(-6) is divided by 18.
15
Let d be (0 - -3) + 0 + 18. Suppose 6*p = -2*n + p + 23, 3*n - 3*p - 24 = 0. What is the remainder when 42 is divided by n/d + 510/35?
12
Let r = -2459 - -3328. Calculate the remainder when 2619 is divided by r.
12
Let g(q) = -890*q - 1123. Calculate the remainder when g(-2) is divided by 110.
107
What is the remainder when (3192/(-665))/(2/(-10)) is divided by 2/(-8) + 2